{"id":37,"date":"2025-08-19T15:51:25","date_gmt":"2025-08-19T15:51:25","guid":{"rendered":"http:\/\/192.168.0.185\/?page_id=37"},"modified":"2025-08-19T16:04:41","modified_gmt":"2025-08-19T16:04:41","slug":"die-kleine-stinkende-eva","status":"publish","type":"page","link":"https:\/\/epiceva.edgeexploxers.duckdns.org\/","title":{"rendered":"Die Kleine Stinkende Eva"},"content":{"rendered":"\n<h2 class=\"wp-block-heading\">Die Kleine Stinkende Eva<\/h2>\n\n\n\n<p>Es war einmal ein kleines M\u00e4dchen namens Eva. Alle nannten sie die \u201ekleine stinkende Eva\u201c, weil sie es nie so genau mit dem Baden nahm. Stattdessen spielte sie lieber drau\u00dfen im Garten, kroch durch B\u00fcsche, sammelte Schnecken und lie\u00df ihre Gummistiefel voller Matsch werden.<\/p>\n\n\n\n<p>Die anderen Kinder hielten sich manchmal die Nase zu, wenn Eva vorbeikam, aber das machte ihr nichts. Sie lachte nur und sagte: \u201eWer nach Wald und Abenteuer riecht, der hat mehr erlebt als Seife und Schaumbad!\u201c<\/p>\n\n\n\n<p>Eines Tages, als die Kinder wieder tuschelten, kam ein kleiner Igel aus dem Geb\u00fcsch und kuschelte sich direkt an Eva. Er schnupperte, nieste \u2013 und blieb trotzdem. Da merkten die Kinder, dass Eva zwar ein bisschen roch, aber daf\u00fcr Freunde hatte, die sonst niemanden mochten.<\/p>\n\n\n\n<p>Von da an hie\u00df sie nicht mehr \u201edie stinkende Eva\u201c, sondern <strong>\u201edie mutige Eva mit dem Walddurft\u201c<\/strong> \u2013 und darauf war sie sehr stolz. <\/p>\n\n\n\n<figure class=\"wp-block-image size-large\"><img loading=\"lazy\" decoding=\"async\" width=\"683\" height=\"1024\" src=\"http:\/\/192.168.0.185\/wp-content\/uploads\/2025\/08\/ChatGPT-Image-Aug-19-2025-05_41_30-PM-1-683x1024.png\" alt=\"\" class=\"wp-image-39\" srcset=\"https:\/\/epiceva.edgeexploxers.duckdns.org\/wp-content\/uploads\/2025\/08\/ChatGPT-Image-Aug-19-2025-05_41_30-PM-1-683x1024.png 683w, https:\/\/epiceva.edgeexploxers.duckdns.org\/wp-content\/uploads\/2025\/08\/ChatGPT-Image-Aug-19-2025-05_41_30-PM-1-200x300.png 200w, https:\/\/epiceva.edgeexploxers.duckdns.org\/wp-content\/uploads\/2025\/08\/ChatGPT-Image-Aug-19-2025-05_41_30-PM-1-768x1152.png 768w, https:\/\/epiceva.edgeexploxers.duckdns.org\/wp-content\/uploads\/2025\/08\/ChatGPT-Image-Aug-19-2025-05_41_30-PM-1.png 1024w\" sizes=\"auto, (max-width: 683px) 100vw, 683px\" \/><\/figure>\n","protected":false},"excerpt":{"rendered":"<p>Die Kleine Stinkende Eva Es war einmal ein kleines M\u00e4dchen namens Eva. Alle nannten sie die \u201ekleine stinkende Eva\u201c, weil sie es nie so genau mit dem Baden nahm. Stattdessen spielte sie lieber drau\u00dfen im Garten, kroch durch B\u00fcsche, sammelte Schnecken und lie\u00df ihre Gummistiefel voller Matsch werden. Die anderen Kinder hielten sich manchmal die<a class=\"more-link\" href=\"https:\/\/epiceva.edgeexploxers.duckdns.org\/\">Continue reading <span class=\"screen-reader-text\">&#8220;Die Kleine Stinkende Eva&#8221;<\/span><\/a><\/p>\n","protected":false},"author":1,"featured_media":0,"parent":0,"menu_order":0,"comment_status":"closed","ping_status":"closed","template":"","meta":{"footnotes":""},"class_list":["post-37","page","type-page","status-publish","hentry","entry"],"_links":{"self":[{"href":"https:\/\/epiceva.edgeexploxers.duckdns.org\/index.php?rest_route=\/wp\/v2\/pages\/37","targetHints":{"allow":["GET"]}}],"collection":[{"href":"https:\/\/epiceva.edgeexploxers.duckdns.org\/index.php?rest_route=\/wp\/v2\/pages"}],"about":[{"href":"https:\/\/epiceva.edgeexploxers.duckdns.org\/index.php?rest_route=\/wp\/v2\/types\/page"}],"author":[{"embeddable":true,"href":"https:\/\/epiceva.edgeexploxers.duckdns.org\/index.php?rest_route=\/wp\/v2\/users\/1"}],"replies":[{"embeddable":true,"href":"https:\/\/epiceva.edgeexploxers.duckdns.org\/index.php?rest_route=%2Fwp%2Fv2%2Fcomments&post=37"}],"version-history":[{"count":4,"href":"https:\/\/epiceva.edgeexploxers.duckdns.org\/index.php?rest_route=\/wp\/v2\/pages\/37\/revisions"}],"predecessor-version":[{"id":40,"href":"https:\/\/epiceva.edgeexploxers.duckdns.org\/index.php?rest_route=\/wp\/v2\/pages\/37\/revisions\/40"}],"wp:attachment":[{"href":"https:\/\/epiceva.edgeexploxers.duckdns.org\/index.php?rest_route=%2Fwp%2Fv2%2Fmedia&parent=37"}],"curies":[{"name":"wp","href":"https:\/\/api.w.org\/{rel}","templated":true}]}}